{"id":59,"date":"2024-01-04T10:29:49","date_gmt":"2024-01-04T09:29:49","guid":{"rendered":"https:\/\/carpinterianavalyaislamientosnavattec.com\/?page_id=59"},"modified":"2024-01-04T13:50:48","modified_gmt":"2024-01-04T12:50:48","slug":"empresa-3","status":"publish","type":"page","link":"https:\/\/carpinterianavalyaislamientosnavattec.com\/index.php\/empresa-3\/","title":{"rendered":"Empresa"},"content":{"rendered":"\n<div class=\"wp-block-group alignfull has-background has-small-font-size\" style=\"background-color:#f8f6f6;padding-top:6vw;padding-right:6vw;padding-bottom:6vw;padding-left:6vw\"><div class=\"wp-block-group__inner-container is-layout-flow wp-block-group-is-layout-flow\">\n<div class=\"wp-block-group has-small-font-size is-vertical is-nowrap is-layout-flex wp-container-core-group-is-layout-287ef9cb wp-block-group-is-layout-flex\" style=\"padding-right:0;padding-left:0\">\n<h6 class=\"wp-block-heading has-text-color\" id=\"ecosystem\" style=\"color:#000000;font-size:18px\">-AS\u00cd SOMOS-<\/h6>\n\n\n\n<p class=\"has-text-color\" style=\"color:#000000;font-size:4vw;font-style:normal;font-weight:700;letter-spacing:0px;line-height:0.9;text-decoration:none;text-transform:none\">Con\u00f3cenos<\/p>\n<\/div>\n\n\n\n<div style=\"height:1vw\" aria-hidden=\"true\" class=\"wp-block-spacer\"><\/div>\n\n\n\n<div class=\"wp-block-group alignwide is-vertical is-nowrap is-layout-flex wp-container-core-group-is-layout-8171334d wp-block-group-is-layout-flex\" style=\"padding-top:0;padding-right:0;padding-bottom:0;padding-left:0\">\n<div class=\"wp-block-columns alignwide is-layout-flex wp-container-core-columns-is-layout-2656d967 wp-block-columns-is-layout-flex\">\n<div class=\"wp-block-column is-layout-flow wp-block-column-is-layout-flow\" style=\"flex-basis:33.38%\">\n<p class=\"has-text-color\" style=\"color:#000000;font-size:17px\">Hace m\u00e1s de cuatro d\u00e9cadas, iniciamos nuestra traves\u00eda con el firme prop\u00f3sito de brindar un servicio excepcional a nuestros clientes, siempre guiados por los principios de profesionalismo, seriedad y excelencia, valores que han quedado demostrados a trav\u00e9s de la confianza que nuestros clientes han depositado en nosotros.<\/p>\n\n\n\n<p class=\"has-text-color\" style=\"color:#000000;font-size:17px\">A lo largo de este extenso periodo, hemos llevado a cabo numerosas instalaciones tanto a nivel nacional como internacional, respaldando nuestra reputaci\u00f3n y permiti\u00e9ndonos proporcionar a nuestros clientes soluciones personalizadas que se ajustan a sus necesidades.<\/p>\n<\/div>\n\n\n\n<div class=\"wp-block-column is-layout-flow wp-block-column-is-layout-flow\" style=\"flex-basis:33%\">\n<div style=\"height:2vw\" aria-hidden=\"true\" class=\"wp-block-spacer\"><\/div>\n\n\n\n<figure class=\"wp-block-image size-full\"><img loading=\"lazy\" decoding=\"async\" width=\"800\" height=\"420\" src=\"https:\/\/carpinterianavalyaislamientosnavattec.com\/wp-content\/uploads\/2024\/01\/empresa1.jpg\" alt=\"\" class=\"wp-image-198\" srcset=\"https:\/\/carpinterianavalyaislamientosnavattec.com\/wp-content\/uploads\/2024\/01\/empresa1.jpg 800w, https:\/\/carpinterianavalyaislamientosnavattec.com\/wp-content\/uploads\/2024\/01\/empresa1-300x158.jpg 300w, https:\/\/carpinterianavalyaislamientosnavattec.com\/wp-content\/uploads\/2024\/01\/empresa1-768x403.jpg 768w, https:\/\/carpinterianavalyaislamientosnavattec.com\/wp-content\/uploads\/2024\/01\/empresa1-500x263.jpg 500w\" sizes=\"auto, (max-width: 800px) 100vw, 800px\" \/><\/figure>\n<\/div>\n\n\n\n<div class=\"wp-block-column is-layout-flow wp-block-column-is-layout-flow\" style=\"flex-basis:33.62%\">\n<figure class=\"wp-block-image size-full\"><img loading=\"lazy\" decoding=\"async\" width=\"800\" height=\"420\" src=\"https:\/\/carpinterianavalyaislamientosnavattec.com\/wp-content\/uploads\/2024\/01\/empresa4.jpg\" alt=\"\" class=\"wp-image-199\" srcset=\"https:\/\/carpinterianavalyaislamientosnavattec.com\/wp-content\/uploads\/2024\/01\/empresa4.jpg 800w, https:\/\/carpinterianavalyaislamientosnavattec.com\/wp-content\/uploads\/2024\/01\/empresa4-300x158.jpg 300w, https:\/\/carpinterianavalyaislamientosnavattec.com\/wp-content\/uploads\/2024\/01\/empresa4-768x403.jpg 768w, https:\/\/carpinterianavalyaislamientosnavattec.com\/wp-content\/uploads\/2024\/01\/empresa4-500x263.jpg 500w\" sizes=\"auto, (max-width: 800px) 100vw, 800px\" \/><\/figure>\n<\/div>\n<\/div>\n\n\n\n<div class=\"wp-block-columns alignwide is-layout-flex wp-container-core-columns-is-layout-724a882f wp-block-columns-is-layout-flex\">\n<div class=\"wp-block-column is-layout-flow wp-block-column-is-layout-flow\" style=\"flex-basis:69%\">\n<figure class=\"wp-block-image size-full\"><img loading=\"lazy\" decoding=\"async\" width=\"800\" height=\"420\" src=\"https:\/\/carpinterianavalyaislamientosnavattec.com\/wp-content\/uploads\/2024\/01\/empresa2.jpg\" alt=\"\" class=\"wp-image-201\" srcset=\"https:\/\/carpinterianavalyaislamientosnavattec.com\/wp-content\/uploads\/2024\/01\/empresa2.jpg 800w, https:\/\/carpinterianavalyaislamientosnavattec.com\/wp-content\/uploads\/2024\/01\/empresa2-300x158.jpg 300w, https:\/\/carpinterianavalyaislamientosnavattec.com\/wp-content\/uploads\/2024\/01\/empresa2-768x403.jpg 768w, https:\/\/carpinterianavalyaislamientosnavattec.com\/wp-content\/uploads\/2024\/01\/empresa2-500x263.jpg 500w\" sizes=\"auto, (max-width: 800px) 100vw, 800px\" \/><\/figure>\n<\/div>\n\n\n\n<div class=\"wp-block-column is-vertically-aligned-center is-layout-flow wp-block-column-is-layout-flow\" style=\"flex-basis:33%\">\n<div style=\"height:2vw\" aria-hidden=\"true\" class=\"wp-block-spacer\"><\/div>\n\n\n\n<p class=\"has-text-color\" style=\"color:#000000;font-size:17px\">Nuestro activo m\u00e1s preciado es nuestro equipo de profesionales altamente capacitados, con una extensa experiencia en los sectores industrial y naval. Esta s\u00f3lida plantilla nos capacita para garantizar la m\u00e1xima calidad y eficiencia en nuestro trabajo, ofreciendo respuestas inmediatas a las necesidades de nuestros clientes.<\/p>\n\n\n\n<p class=\"has-text-color\" style=\"color:#000000;font-size:17px\">En el \u00e1mbito industrial, abarcamos una amplia gama de trabajos de aislamiento, con especial \u00e9nfasis en la industria alimentaria. Desde la ejecuci\u00f3n de peque\u00f1as instalaciones hasta la realizaci\u00f3n de proyectos de envergadura, como almacenes frigor\u00edficos de diversa \u00edndole, salas de elaboraci\u00f3n, entornos controlados, t\u00faneles de congelaci\u00f3n continua, entre otros, nos destacamos por nuestra versatilidad y compromiso con el cliente.<\/p>\n<\/div>\n<\/div>\n<\/div>\n<\/div><\/div>\n","protected":false},"excerpt":{"rendered":"<p>-AS\u00cd SOMOS- Con\u00f3cenos Hace m\u00e1s de cuatro d\u00e9cadas, iniciamos nuestra traves\u00eda con el firme prop\u00f3sito de brindar un servicio excepcional a nuestros [&hellip;]<\/p>\n","protected":false},"author":1,"featured_media":0,"parent":0,"menu_order":0,"comment_status":"closed","ping_status":"closed","template":"","meta":{"footnotes":""},"class_list":{"0":"post-59","1":"page","2":"type-page","3":"status-publish","5":"col-md-12"},"_links":{"self":[{"href":"https:\/\/carpinterianavalyaislamientosnavattec.com\/index.php\/wp-json\/wp\/v2\/pages\/59","targetHints":{"allow":["GET"]}}],"collection":[{"href":"https:\/\/carpinterianavalyaislamientosnavattec.com\/index.php\/wp-json\/wp\/v2\/pages"}],"about":[{"href":"https:\/\/carpinterianavalyaislamientosnavattec.com\/index.php\/wp-json\/wp\/v2\/types\/page"}],"author":[{"embeddable":true,"href":"https:\/\/carpinterianavalyaislamientosnavattec.com\/index.php\/wp-json\/wp\/v2\/users\/1"}],"replies":[{"embeddable":true,"href":"https:\/\/carpinterianavalyaislamientosnavattec.com\/index.php\/wp-json\/wp\/v2\/comments?post=59"}],"version-history":[{"count":13,"href":"https:\/\/carpinterianavalyaislamientosnavattec.com\/index.php\/wp-json\/wp\/v2\/pages\/59\/revisions"}],"predecessor-version":[{"id":204,"href":"https:\/\/carpinterianavalyaislamientosnavattec.com\/index.php\/wp-json\/wp\/v2\/pages\/59\/revisions\/204"}],"wp:attachment":[{"href":"https:\/\/carpinterianavalyaislamientosnavattec.com\/index.php\/wp-json\/wp\/v2\/media?parent=59"}],"curies":[{"name":"wp","href":"https:\/\/api.w.org\/{rel}","templated":true}]}}