{"id":23,"date":"2024-01-04T09:40:17","date_gmt":"2024-01-04T08:40:17","guid":{"rendered":"https:\/\/carpinterianavalyaislamientosnavattec.com\/?page_id=23"},"modified":"2024-01-09T12:41:50","modified_gmt":"2024-01-09T11:41:50","slug":"industrial","status":"publish","type":"page","link":"https:\/\/carpinterianavalyaislamientosnavattec.com\/index.php\/industrial\/","title":{"rendered":"Aislamiento Industrial"},"content":{"rendered":"\n<hr class=\"wp-block-separator has-alpha-channel-opacity\"\/>\n\n\n\n<div class=\"wp-block-cover alignwide is-light has-normal-font-size\" style=\"padding-top:4vw;padding-right:4vw;padding-bottom:4vw;padding-left:4vw;min-height:500px;aspect-ratio:unset;\"><span aria-hidden=\"true\" class=\"wp-block-cover__background has-black-background-color has-background-dim-40 has-background-dim\"><\/span><div class=\"wp-block-cover__inner-container is-layout-flow wp-block-cover-is-layout-flow\">\n<div class=\"wp-block-columns is-layout-flex wp-container-core-columns-is-layout-9d6595d7 wp-block-columns-is-layout-flex\">\n<div class=\"wp-block-column is-layout-flow wp-block-column-is-layout-flow\">\n<figure class=\"wp-block-image size-large is-resized\"><img loading=\"lazy\" decoding=\"async\" width=\"959\" height=\"1024\" src=\"https:\/\/carpinterianavalyaislamientosnavattec.com\/wp-content\/uploads\/2024\/01\/INDUSTRIAL3-2-959x1024.jpg\" alt=\"\" class=\"wp-image-270\" style=\"aspect-ratio:4\/3;object-fit:cover;width:400px;height:auto\" srcset=\"https:\/\/carpinterianavalyaislamientosnavattec.com\/wp-content\/uploads\/2024\/01\/INDUSTRIAL3-2-959x1024.jpg 959w, https:\/\/carpinterianavalyaislamientosnavattec.com\/wp-content\/uploads\/2024\/01\/INDUSTRIAL3-2-281x300.jpg 281w, https:\/\/carpinterianavalyaislamientosnavattec.com\/wp-content\/uploads\/2024\/01\/INDUSTRIAL3-2-768x820.jpg 768w, https:\/\/carpinterianavalyaislamientosnavattec.com\/wp-content\/uploads\/2024\/01\/INDUSTRIAL3-2-1439x1536.jpg 1439w, https:\/\/carpinterianavalyaislamientosnavattec.com\/wp-content\/uploads\/2024\/01\/INDUSTRIAL3-2-1919x2048.jpg 1919w, https:\/\/carpinterianavalyaislamientosnavattec.com\/wp-content\/uploads\/2024\/01\/INDUSTRIAL3-2-900x961.jpg 900w, https:\/\/carpinterianavalyaislamientosnavattec.com\/wp-content\/uploads\/2024\/01\/INDUSTRIAL3-2-500x534.jpg 500w\" sizes=\"auto, (max-width: 959px) 100vw, 959px\" \/><\/figure>\n<\/div>\n\n\n\n<div class=\"wp-block-column is-layout-flow wp-block-column-is-layout-flow\">\n<figure class=\"wp-block-image size-large is-resized\"><img loading=\"lazy\" decoding=\"async\" width=\"1024\" height=\"576\" src=\"https:\/\/carpinterianavalyaislamientosnavattec.com\/wp-content\/uploads\/2024\/01\/Industrial2-1024x576.jpg\" alt=\"\" class=\"wp-image-271\" style=\"aspect-ratio:4\/3;object-fit:cover;width:400px\" srcset=\"https:\/\/carpinterianavalyaislamientosnavattec.com\/wp-content\/uploads\/2024\/01\/Industrial2-1024x576.jpg 1024w, https:\/\/carpinterianavalyaislamientosnavattec.com\/wp-content\/uploads\/2024\/01\/Industrial2-300x169.jpg 300w, https:\/\/carpinterianavalyaislamientosnavattec.com\/wp-content\/uploads\/2024\/01\/Industrial2-768x432.jpg 768w, https:\/\/carpinterianavalyaislamientosnavattec.com\/wp-content\/uploads\/2024\/01\/Industrial2-1536x864.jpg 1536w, https:\/\/carpinterianavalyaislamientosnavattec.com\/wp-content\/uploads\/2024\/01\/Industrial2-900x506.jpg 900w, https:\/\/carpinterianavalyaislamientosnavattec.com\/wp-content\/uploads\/2024\/01\/Industrial2-500x281.jpg 500w, https:\/\/carpinterianavalyaislamientosnavattec.com\/wp-content\/uploads\/2024\/01\/Industrial2.jpg 2048w\" sizes=\"auto, (max-width: 1024px) 100vw, 1024px\" \/><\/figure>\n<\/div>\n\n\n\n<div class=\"wp-block-column is-layout-flow wp-block-column-is-layout-flow\">\n<figure class=\"wp-block-image size-full is-resized is-style-default\"><img loading=\"lazy\" decoding=\"async\" width=\"886\" height=\"728\" src=\"https:\/\/carpinterianavalyaislamientosnavattec.com\/wp-content\/uploads\/2024\/01\/Industrial3.jpg\" alt=\"\" class=\"wp-image-272\" style=\"aspect-ratio:1.3333333333333333;object-fit:cover;width:400px;height:auto\" srcset=\"https:\/\/carpinterianavalyaislamientosnavattec.com\/wp-content\/uploads\/2024\/01\/Industrial3.jpg 886w, https:\/\/carpinterianavalyaislamientosnavattec.com\/wp-content\/uploads\/2024\/01\/Industrial3-300x247.jpg 300w, https:\/\/carpinterianavalyaislamientosnavattec.com\/wp-content\/uploads\/2024\/01\/Industrial3-768x631.jpg 768w, https:\/\/carpinterianavalyaislamientosnavattec.com\/wp-content\/uploads\/2024\/01\/Industrial3-500x411.jpg 500w\" sizes=\"auto, (max-width: 886px) 100vw, 886px\" \/><\/figure>\n<\/div>\n<\/div>\n<\/div><\/div>\n\n\n\n<hr class=\"wp-block-separator has-alpha-channel-opacity\"\/>\n\n\n\n<p><strong>Disponemos de una amplia gama de servicios, seg\u00fan las necesidades espec\u00edficas de cada instalaci\u00f3n<\/strong>:<\/p>\n\n\n\n<ul class=\"wp-block-list\">\n<li style=\"list-style:none\">Instalaci\u00f3n de paneles sandwich (c\u00e1maras frigor\u00edficas, t\u00faneles de congelaci\u00f3n, salas de elaboraci\u00f3n, salas blancas, etc.).<\/li>\n\n\n\n<li  style=\"list-style:none\">Aislamiento mediante proyecci\u00f3n o inyecci\u00f3n de espuma de poliuretano de alta densidad.<\/li>\n\n\n\n<li  style=\"list-style:none\">Aislamiento de tuber\u00edas frigor\u00edficas con coquillas PUR y estratificado de poli\u00e9ster.<\/li>\n\n\n\n<li  style=\"list-style:none\">Calorifugados de tuber\u00edas con lana de roca y acabados en chapa aluminio e acero inoxidable.<\/li>\n\n\n\n<li  style=\"list-style:none\">Aislamiento de f\u00e1bricas de hielo y silos de almacenamiento.<\/li>\n\n\n\n<li  style=\"list-style:none\">Cubiertas exteriores tanto en panel s\u00e1ndwich como en chapa lacada.<\/li>\n\n\n\n<li  style=\"list-style:none\">Mantenimiento de instalaciones.<\/li>\n\n\n\n<li  style=\"list-style:none\">Instalaci\u00f3n de puertas frigor\u00edficas.<\/li>\n\n\n\n<li  style=\"list-style:none\">Instalaci\u00f3n de puertas r\u00e1pidas.<\/li>\n\n\n\n<li style=\"list-style:none\">Cortinas de lamas de PVC.<\/li>\n\n\n\n<li style=\"list-style:none\">Trabajos en altura.<\/li>\n\n\n\n<li style=\"list-style:none\">Muelles de carga.<\/li>\n\n\n\n<li  style=\"list-style:none\">Abrigos de muelles.<\/li>\n\n\n\n<li style=\"list-style:none\">Equipos compactos de refrigeraci\u00f3n.<\/li>\n<\/ul>\n","protected":false},"excerpt":{"rendered":"<p>Disponemos de una amplia gama de servicios, seg\u00fan las necesidades espec\u00edficas de cada instalaci\u00f3n:<\/p>\n","protected":false},"author":1,"featured_media":0,"parent":0,"menu_order":0,"comment_status":"closed","ping_status":"closed","template":"","meta":{"footnotes":""},"class_list":{"0":"post-23","1":"page","2":"type-page","3":"status-publish","5":"col-md-12"},"_links":{"self":[{"href":"https:\/\/carpinterianavalyaislamientosnavattec.com\/index.php\/wp-json\/wp\/v2\/pages\/23","targetHints":{"allow":["GET"]}}],"collection":[{"href":"https:\/\/carpinterianavalyaislamientosnavattec.com\/index.php\/wp-json\/wp\/v2\/pages"}],"about":[{"href":"https:\/\/carpinterianavalyaislamientosnavattec.com\/index.php\/wp-json\/wp\/v2\/types\/page"}],"author":[{"embeddable":true,"href":"https:\/\/carpinterianavalyaislamientosnavattec.com\/index.php\/wp-json\/wp\/v2\/users\/1"}],"replies":[{"embeddable":true,"href":"https:\/\/carpinterianavalyaislamientosnavattec.com\/index.php\/wp-json\/wp\/v2\/comments?post=23"}],"version-history":[{"count":32,"href":"https:\/\/carpinterianavalyaislamientosnavattec.com\/index.php\/wp-json\/wp\/v2\/pages\/23\/revisions"}],"predecessor-version":[{"id":290,"href":"https:\/\/carpinterianavalyaislamientosnavattec.com\/index.php\/wp-json\/wp\/v2\/pages\/23\/revisions\/290"}],"wp:attachment":[{"href":"https:\/\/carpinterianavalyaislamientosnavattec.com\/index.php\/wp-json\/wp\/v2\/media?parent=23"}],"curies":[{"name":"wp","href":"https:\/\/api.w.org\/{rel}","templated":true}]}}